n 130 is divided by k.
22
Let t(i) = -2*i**3 + i - 2. Let z(g) be the second derivative of 33*g**5/20 + g**4/6 - g**2/2 - 13*g. Calculate the remainder when z(1) is divided by t(-2).
10
Let u(q) = -18*q**2 + q - 1. Let r be u(1). What is the remainder when 64 is divided by (-133)/(-6) + 3/r?
20
Let p(a) = -19 + 58 + 4*a - 7 + 68. Calculate the remainder when 13 is divided by p(-23).
5
Suppose -5*m + 101 = b - 2*m, 0 = m + 4. Let i = -45 + b. Calculate the remainder when i is divided by 24.
20
Suppose -v + 39 = 2. Calculate the remainder when v is divided by (16 - (-8 - -4))*(-2)/(-4).
7
Let p = 177 - 95. Calculate the remainder when p is divided by 45.
37
Let t(j) = 4*j + 8. Let d be t(-4). What is the remainder when 49 is divided by (d/(-12))/(4/102)?
15
Suppose 5*s - s - 4*h = 52, -6 = 3*h. What is the remainder when 11 is divided by s?
0
Let m(r) = r**3 - 3*r**2 + 38. What is the remainder when m(0) is divided by 15?
8
Let g(w) = 20*w + 517. What is the remainder when 303 is divided by g(-24)?
7
Let x = -4 - -7. Suppose -58 = -p - 5*j, 4*p - 244 = 3*j + 34. Suppose -187 = -x*o + p. What is the remainder when o is divided by 22?
19
Suppose -5*n = -4*t - 23, 0 = 4*n - 5 - 7. Let g = 9 + t. Calculate the remainder when 32 is divided by g.
4
Suppose -4*t - 4 = -32. Calculate the remainder when 237 is divided by t.
6
Let z = 1 - -3. Suppose -z*w - 13 = -4*l - w, -2*l = -3*w - 5. Let p(i) = -i**3 + 5*i**2 - 3*i + 5. Calculate the remainder when p(l) is divided by 4.
1
Let q(n) = 7*n + 24. Let y be q(-3). Suppose -29 + 8 = -y*k. What is the remainder when 1 - ((-1 - 0) + -23) is divided by k?
4
Let c(u) = -u**3 - 6*u**2 - 9*u - 10. Let p(w) = -17*w + 10. Calculate the remainder when p(-7) is divided by c(-6).
41
Let m = -325 - -492. Suppose -5*a + 238 = 36*f - 32*f, 5*a - 224 = -2*f. Calculate the remainder when m is divided by a.
41
Suppose -5*i - o + 15 = 0, -i + 4*i = o + 17. Suppose i + 11 = 5*b. Calculate the remainder when 14 is divided by b.
2
Suppose -3*q = -5*b + 11 + 14, 3*q = 0. Calculate the remainder when 37 is divided by b.
2
Let v(h) = h**2 + 31*h + 51. Calculate the remainder when 99 is divided by v(-31).
48
Let a(f) = 6*f - 4. Let x = -56 - -93. What is the remainder when x is divided by a(4)?
17
Let y = 25 + -22. Suppose 0 = 2*t - j - 25, 2 = j - y*j. Let z = -42 - -64. What is the remainder when z is divided by t?
10
Let x be 8/(-4 - -8) - 0. Suppose -5*v = -4*b + 51, 9 = -5*v + x*v. Suppose -m + 3 = -b. What is the remainder when 47 is divided by m?
11
Let k = -29 + 41. Let r = 18 - k. Suppose 4*w = 3*i - 32, 2*i - 68 = -i - 5*w. Calculate the remainder when i is divided by r.
4
Suppose 5*f = 3*b - 7 - 10, -4*b = -2*f - 18. Let l = 2 + b. What is the remainder when ((-6)/9)/(l/(-477)) is divided by 18?
17
Let s(d) be the first derivative of d**4/4 - 2*d**3/3 - d**2/2 - 13*d + 12. Calculate the remainder when 71 is divided by s(4).
11
Suppose -4*k = -3*a + 27 - 166, -5*a - 22 = -k. Suppose 0 = -b - 24 + 32. What is the remainder when k is divided by b?
5
Suppose c + f + 16 = 0, -4 = -5*c + 2*f - 70. Let v = 14 + c. Let a(i) = -i**3 - i + 10. What is the remainder when a(v) is divided by 3?
1
Suppose 0 = -6*a - 5 + 5. Suppose a*q + 4*q = 36. What is the remainder when 116 is divided by q?
8
Let x = 5 - 5. Suppose x = -5*h + 85 + 15. What is the remainder when (-3)/((-4)/464*6) is divided by h?
18
Suppose 0 = 6*u - 686 - 262. What is the remainder when u is divided by 33?
26
Suppose -2*c + 135 = 3*c. What is the remainder when (-1310)/(-18) + 2 - (-6)/c is divided by 39?
36
Let a(l) be the third derivative of -l**5/60 - l**4/3 + 4*l**2. Calculate the remainder when 47 is divided by a(-6).
11
Suppose i = 5*y - 3*i - 164, -5*i + 123 = 4*y. Calculate the remainder when 222 is divided by y.
30
Let n = 27 - 46. Let c = 68 + n. What is the remainder when c is divided by 17?
15
Let c(p) = 8*p + 50. Let n be c(-10). What is the remainder when 35 is divided by 1/((-63)/n + -2)?
5
Let j = 34 - 34. Suppose -f - 2*f + 405 = j. Calculate the remainder when 41 is divided by 4*(f/(-10))/(-9).
5
Suppose 2*l - 960 = 5*k, -l - 4*k - 127 + 633 = 0. Calculate the remainder when l is divided by 17.
14
Suppose -5*l = -u - 0*l + 20, -100 = -5*u - 5*l. Calculate the remainder when (74/(-12))/((-3)/18) is divided by u.
17
Suppose 48 = 27*g - 25*g. Let j be 0 - (4 + g/(-4)). Suppose 4*t - j*t = 166. Calculate the remainder when t is divided by 21.
20
Suppose -2*y - 43 = -2*h + 69, -3*h - 5*y + 160 = 0. Let r(s) = 3*s + 1. Calculate the remainder when h is divided by r(6).
17
Let n(w) be the first derivative of w**2 - 4*w + 12. Let i(m) = m**3 + 8*m**2 + 8*m - 2. What is the remainder when i(-6) is divided by n(6)?
6
Suppose 53 = -3*f + 2*f. Let r = f + 221. What is the remainder when r is divided by 17?
15
Let b(g) = g**3 + g + 8. Suppose -7*x = -2*x. Calculate the remainder when 312/22 - (-12)/(-66) is divided by b(x).
6
Let j be (-60)/14 + 2/7. Let y be 1/j + 157/4. What is the remainder when (-10)/(6/y*-1) is divided by 17?
14
Let u = 426 + -291. Calculate the remainder when u is divided by 46.
43
Let v be ((-4)/((-20)/15))/(6/26). Let g(j) = j**3 - 14*j**2 + 19*j - 19. What is the remainder when g(v) is divided by 20?
19
Let r = 600 + -590. What is the remainder when 79 is divided by r?
9
Let v(f) = -2*f + 2. Let s(k) = -k**2 + 2. Let u be s(2). What is the remainder when -4 - -38*4/8 is divided by v(u)?
3
Suppose 7*u - 160 = 3*u. Let m be 2/5 + 162/45. Suppose -4*l + 20 = 2*t, 0 = 3*t + m*l + 11 - 45. Calculate the remainder when u is divided by t.
12
Calculate the remainder when 3/12*1 - 1391/(-52) is divided by 7.
6
Let q(k) = 17*k - 100. Calculate the remainder when q(22) is divided by 20.
14
Let f = -250 - -274. What is the remainder when 44 is divided by f?
20
Let u = 18 - 3. Suppose 473*j - 476*j + 561 = 0. Suppose 5*y + h = j, 3*y + 2*h - 100 = u. What is the remainder when y is divided by 10?
7
Let a = -35 - -89. What is the remainder when -3 + (-1)/(-1) + a is divided by 9?
7
Let f = 77 + -72. Calculate the remainder when (-22)/(-7) - f/35 is divided by 3.
0
Let b(h) = -2*h**2 + 6*h + 30. Calculate the remainder when 45 is divided by b(0).
15
Let f(s) be the third derivative of s**4/24 - 3*s**3/2 + 3*s**2. Calculate the remainder when 7 is divided by f(14).
2
Let i be (-16)/(-7) + 4/(-14). Calculate the remainder when (-6 + 68)/((i + -1)/1) is divided by 16.
14
Suppose 5694 = 48*r - 1986. Calculate the remainder when r is divided by 18.
16
Suppose 4*u + 2*d - 20 + 0 = 0, -u + d + 5 = 0. Calculate the remainder when -1 + 3 + -4 + 25 is divided by u.
3
Suppose -35*a + 780 = -23*a. What is the remainder when a is divided by 13?
0
Let u = -8 - -13. Suppose -u*z + 6*v - v = -35, 5*z - 2*v - 26 = 0. What is the remainder when 18 is divided by z?
2
Suppose 0 = 2*m - 5*x + 1, 1 = 3*m - x - 4. Suppose -m*v + 10 = -v. Let o = -3 + 6. Calculate the remainder when v is divided by o.
1
Suppose -133 = -4*l + 43. Calculate the remainder when ((-436*4)/(-4))/2 is divided by l.
42
Suppose 12 = 3*x, 3*x = 2*z - 15 - 3. Suppose 5*f - 4 = 6. Suppose 0 = -d + f + 42. What is the remainder when d is divided by z?
14
Suppose 0 = -7*m - 73 + 220. What is the remainder when 312 is divided by m?
18
Let u(z) = -z**3 + 8*z**2 + 2. Let q be u(8). Let n(a) be the second derivative of 16*a**3/3 - 2*a**2 + 8*a. Calculate the remainder when n(q) is divided by 21.
18
Let n(y) = -47*y - 424. Calculate the remainder when 203 is divided by n(-11).
17
Let b = 1400 - 1372. Calculate the remainder when 159 is divided by b.
19
Let u be (-14)/((-4 + 2)/1). Suppose u*g + 15 = 6*g. What is the remainder when 61 is divided by 3/(-15) + (-318)/g?
19
Suppose -7*w = -10*w + 39. Suppose 4*z + w = 173. Calculate the remainder when z is divided by 15.
10
Suppose 3*r + 3*z - 132 = 0, 2*z - 131 = r - 4*r. Suppose -13 = -4*g + 5*c, 4*g + 4*c = -c + r. Calculate the remainder when 18 is divided by g.
4
Let s(u) = u**2 + 2*u + 1. Let k be s(-1). Suppose 6*j - 4*j - 32 = k. What is the remainder when (-31)/(1 + -3 + 1) is divided by j?
15
Suppose -58*f + 1015 = -29*f. What is the remainder when 126 is divided by f?
21
Let i(d) = d + 37. Let a be i(0). Let b = a - 26. Let n = b - -51. Calculate